*s - 6*s + 143. Suppose -o*v - 5248 + 43444 = 0. Is v a composite number?
False
Is (604799 - (19 - 21))*1 prime?
True
Suppose -424*d = 6525464 - 59787072. Is d prime?
True
Suppose 0 = -7637*b + 7645*b - 5641448. Is b composite?
False
Let v be 1267/28 - 3/(-4). Suppose -45*x = -v*x + 16. Suppose 13*g = x*g - 291. Is g a prime number?
True
Suppose -3*l = -2*u + 208234, -7*l - 302560 = -4*u + 113900. Is u a composite number?
True
Suppose 7*c = -318591 + 2039765. Suppose 64363 - c = -13*p. Is p prime?
True
Is ((-56)/(-98))/(6/(-21)) + 25331 composite?
True
Suppose -4*g + 4*l + 24 = 0, 26 = 3*g + l + 8. Suppose -5 = g*m - 23. Suppose 0 = -k + 5*y + 7, 0*y = -2*k + m*y + 14. Is k composite?
False
Let s(w) = -w - 1. Let d(b) = 2*b**3 - 9*b**2 - 42*b - 6. Let j(r) = d(r) - 3*s(r). Is j(22) prime?
False
Is (11 - (11 - 1)) + 46618 a composite number?
False
Suppose 9*u - 6 = 12*u. Let q(h) = 3773*h**2 - 2*h + 5. Is q(u) a prime number?
True
Suppose -5*c - 28*c = -1516574 - 810553. Is c a composite number?
True
Let w(f) be the third derivative of 59*f**5/60 - 5*f**4/4 - 32*f**3/3 - 61*f**2. Is w(15) a prime number?
False
Let t(q) = -q**3 + 13*q**2 - 8*q - 45. Let f be t(12). Suppose 5*j = 4*u + 11135, -f*j + 0*u + 6703 = 2*u. Is j composite?
True
Let t be 1/(1/10) - (-25)/25. Suppose m = 24 - t. Suppose -595 = m*k - 4586. Is k a prime number?
True
Let l(m) = -3*m + 23. Let v be l(5). Let x be -3 - (v - (-3 - -6)). Let b(z) = -19*z - 31. Is b(x) composite?
True
Let v = 106 + -103. Suppose 3*l + 4 = -l, -a = v*l. Suppose -4*c - q = -6603, a = -9*q + 6*q. Is c composite?
True
Let s be (6/4)/(4/8). Suppose 2*q - 12773 = -5*y, 8*q - s*y = 4*q + 25559. Is q composite?
False
Suppose 0 = -9*d - 5*d + 224. Suppose -6*o - d*o = -497530. Is o composite?
True
Let r(w) = 3112*w**2 - 338*w + 3713. Is r(11) composite?
False
Suppose 0*k = -k + 4*n - 24, -k - 22 = -5*n. Is (-8116542)/(-144) - 4/k a composite number?
True
Let m = -267 - -271. Suppose -2482 + 24270 = m*a. Is a prime?
False
Let x = -100104 - -168113. Is x a composite number?
True
Let t(a) = 2*a**3 - 5*a**2 - 9*a + 7. Let b be t(-11). Let g = b - -5922. Is g composite?
True
Suppose -4 + 1 = -3*l + 3*q, 4*l + 3*q = 25. Suppose -3*c = d + 926, 2*d - l*d = 2*c + 620. Let f = c + 547. Is f composite?
False
Suppose -172*n + 177*n - 4*s - 605317 = 0, 2*n - 5*s = 242137. Is n prime?
True
Suppose 5818 = -4*w + 35146. Let s = -4456 + w. Is s*(5/(-20))/(-1) composite?
False
Let j(p) = -9*p**3 + 12*p**2 + 157*p - 157. Is j(-27) composite?
False
Let d = -14 - -9. Let n be (-4 - d) + -6 - -10. Suppose -n*i + 13861 - 576 = 0. Is i a composite number?
False
Let v(s) = 398*s**2 - 3*s + 36. Let q be v(11). Suppose -9*r + q = -20734. Is r a composite number?
True
Let i be 2 - (2 + 1) - -1. Let m be ((-10)/6)/(30/(-54)). Suppose -m*h + 4*b + 1331 = 0, 5*h - h + 2*b - 1738 = i. Is h composite?
True
Let b(t) be the third derivative of -t**6/120 + 2*t**5/3 - 23*t**4/8 + 19*t**3/6 + t**2 - 3. Is b(15) prime?
False
Let k(l) = -12*l**3 - 5*l**2 - 25. Let j be k(-6). Suppose g + 3*w - j = 0, 3*w + 1364 - 8537 = -3*g. Is g composite?
False
Suppose -4*s + 474903 + 183969 = -2*o, -2*o + 329442 = 2*s. Is s composite?
True
Suppose -65*n = 54*n - 14231329. Is n a composite number?
False
Let q(z) be the second derivative of z**5/20 + z**4/12 + z**3/6 + 6937*z**2/2 - 179*z. Is q(0) a prime number?
False
Is 88758 + (92/(-161) - 117/(-21)) a composite number?
True
Suppose -8*t + 3*t + 208 = -4*g, 5*t - 2*g = 204. Let l = 42 - t. Suppose 6*f - 124 = l*f. Is f a composite number?
False
Let b = -175322 + 322461. Is b prime?
True
Is 4 + -1 + 2886*8/12 composite?
True
Let i = 6 - 166. Let x = -66 - i. Is x a composite number?
True
Suppose p = -2*p + 21. Suppose -p*j + 491 = -748. Is j a composite number?
True
Is (-15)/9*467085/(-150)*(-1 - -7) a prime number?
True
Suppose 3*v + 2051749 = 4*u, 5*u - 3472192 = 5*v - 907502. Is u a composite number?
True
Is ((-2)/4)/(757989/84222 + -9) a composite number?
False
Let q = 52 - 36. Let h = q - 17. Is (h + 0)/(1/(-1243)) prime?
False
Let q(j) = 15*j + 63. Let y(r) = 7*r + 32. Let h(l) = -3*q(l) + 7*y(l). Let f be h(-8). Suppose 0*x + 5*s + 233 = x, 4*x - 1000 = f*s. Is x prime?
False
Let s(w) = -68467*w + 299. Is s(-6) composite?
False
Let i(m) = 13*m**3 + 7*m**2 + 3*m - 3. Let o be i(8). Let c = o - 3670. Is c prime?
False
Suppose 0 = 2102*v - 2108*v + 6. Suppose -5*j - 145 + 1540 = 0. Is (j/(-12) + v)/(2/(-8)) a composite number?
False
Suppose -8*j + 109 = -59. Is (-2)/j - 938815/(-105) a prime number?
True
Let y(q) = q - 32. Let o be y(16). Let a be o/(-3) - 20/(-30). Suppose 299 = a*z - 2143. Is z composite?
True
Let v(t) = -2*t + 8. Let d be v(-10). Let f(n) = d*n**3 + 2*n - 13*n**2 - 4 + 15*n**2 + 1 + n. Is f(2) a composite number?
True
Let f = -1187 + 2481. Is f prime?
False
Let i = 1291 + -390. Let f be ((-10)/5)/((-2)/i). Suppose -5*w - 176 = -f. Is w a prime number?
False
Let b be (-2)/15 + ((-2102)/(-15) - -3). Suppose -2*q - b + 665 = -4*s, 5*q - 1317 = 4*s. Is q a composite number?
True
Suppose -2 = -i + 4*s - 3, -2*i + 2*s + 22 = 0. Suppose 2*f = -f + i. Suppose q + 1796 = f*q. Is q prime?
True
Let n = 449 + -436. Let k(m) = 368*m - 15. Is k(n) a composite number?
True
Suppose -3*s = -164 + 152. Suppose 2820 = 5*h - s*l, -2*h + 1128 = 8*l - 3*l. Suppose 3734 = 14*y - h. Is y composite?
False
Let z be ((-28)/(-18))/(16/24)*6846. Let a = z + -6278. Suppose 0 = -4*p - 5*i + a, -p = -0*i + i - 2425. Is p a prime number?
False
Let k = 11994 + -6037. Suppose -7*b + 0*b = -k. Suppose -228 = f - b. Is f a composite number?
True
Let x = -155468 - -312363. Is x composite?
True
Let j = 25693 + -9084. Is j a composite number?
True
Let c(w) be the second derivative of w**3/6 + w**2/2 - 26*w. Let t be c(-2). Is (6 - 4810/(-5)) + t/1 composite?
False
Let v = 1420 - -646. Let a = v + -1279. Let i = 82 + a. Is i a composite number?
True
Let w = -58205 - -121402. Is w composite?
False
Let r(v) = -84*v + 15. Let p be r(-4). Suppose p = 13*l - 4*l. Let w = 160 - l. Is w a prime number?
False
Let a(m) = 70*m**3 + 8*m**2 - 4*m + 43. Is a(6) composite?
False
Let q be -1 - (-27)/(3 - 0). Let j(h) = -h**2 - 25*h - 57. Let u be j(-21). Let r = u - q. Is r prime?
True
Let w(x) = 83*x**3 + 5*x**2 - 6*x + 13. Let d be w(-7). Let n = d + 53878. Is n prime?
False
Let h = -3 - -9. Let u be h/(-24)*4*-2. Suppose -4*c - u*c + 3558 = 0. Is c prime?
True
Suppose 2*g - 4*n + 7*n - 1 = 0, 3*g + 2*n - 4 = 0. Let x(o) = 3*o**g + 13 - o + 9*o + 5*o + 11*o. Is x(-20) a prime number?
True
Suppose 11253 = b + 3*z, 56185 = b + 4*b - z. Suppose -2*q + 16877 = q + 2*j, 2*j + b = 2*q. Is q a composite number?
False
Let n(k) = -8*k**3 + 2*k**2 + k - 21. Let o be n(-5). Suppose 0 = 8*w + 3808 + o. Let h = -311 - w. Is h a prime number?
True
Let v be 1*4/(-10)*(-22 - -17). Suppose -w - v*r = 6, 4*r = 5*w - 23 - 17. Let t(d) = d**3 - d**2 - 3*d + 1. Is t(w) a prime number?
True
Let t(k) = -10 + k - 7 + 393*k**2 - 3*k + 7*k - 2*k. Let n(z) = z**2 + 10*z + 11. Let s be n(-8). Is t(s) prime?
False
Let w(b) = 5*b**2 - 2*b - 4. Let m be 308/(-60) + 12/90. Is w(m) a composite number?
False
Let p(x) = 158*x**2 - 5 + 1219*x**2 + 52*x - 63*x + 22*x**2. Let w(g) = -466*g**2 + 4*g + 2. Let o(b) = 3*p(b) + 8*w(b). Is o(1) composite?
True
Let d(b) = 104*b**2 + 3*b - 88. Is d(7) composite?
True
Let o(x) = x**3 - 7*x**2 + 52*x + 32. Let p be o(23). Suppose -3*k + 0*f + 3*f = -54, 4*f - 8 = 0. Is 15/(-25) - (3 - p/k) prime?
False
Let o be (-1 + -12906)*((-12)/(-3) + -5). Let p = o - 6806. Is p a composite number?
False
Suppose 3*g + 2*g - 50 = -3*i, -18 = -i - 3*g. Suppose -r + i = 13. Suppose 2*b + w - 156 = 0, -4*b - w = r*w - 310. Is b prime?
True
Let c = -73 + 69. Let n be -2*c/3*-3. Let p(u) = -149*u + 21. Is p(n) composite?
False
Let b(j) = -367*j + 13. Suppose 8*s + 92 = -15*s. Is b(s) a prime number?
True
Is 8/(-6)*(-1818)/(-404) + 36926/2 a prime number?
True
Suppose -5*z = 3*j - 1131815, -725*z + 5*j - 452726 = -727*z. Is z prime?
False
Suppose -208 - 292 = -m. Let n be 1/(-1) + m/5. Let i = n - 62. Is i a composite number?
False
Suppose 5*c = 4*y + 7*c + 10, -3*y + c = 20. Let h be y + (-182)/(-35) + 9/5. Suppose h*a = -2*g + 1146, -6*g - 573 =